ite number?
True
Is 1151 composite?
False
Is 9897 prime?
False
Is 302647 prime?
True
Is 169181 a prime number?
True
Is 1317 a prime number?
False
Is 3709 a prime number?
True
Is 709387 a prime number?
False
Is 1930997 a prime number?
False
Is 1735 composite?
True
Is 444271 composite?
False
Is 2459 prime?
True
Is 5964419 composite?
False
Is 9091 composite?
False
Is 34711 composite?
True
Is 577957 prime?
True
Is 307727 a prime number?
False
Is 230455 a composite number?
True
Is 612371 prime?
True
Is 15479 a prime number?
False
Is 47939 composite?
False
Is 86753 composite?
False
Is 1598843 a prime number?
True
Is 18355 composite?
True
Is 1055 prime?
False
Is 12601 a prime number?
True
Is 60097 prime?
False
Is 625454 a composite number?
True
Is 40219 a composite number?
True
Is 102607 composite?
False
Is 460871 a prime number?
True
Is 38431 a prime number?
True
Is 9569 prime?
False
Is 1154633 a composite number?
False
Is 27361 prime?
True
Is 283583 composite?
False
Is 495511 a prime number?
True
Is 251387 a composite number?
False
Is 7169 a prime number?
False
Is 41843 prime?
True
Is 1402886 a composite number?
True
Is 57269 a prime number?
True
Is 3061 a composite number?
False
Is 358951 a prime number?
True
Is 165587 a prime number?
True
Is 19841 a prime number?
True
Is 6619 a prime number?
True
Is 5561 a prime number?
False
Is 7967 a prime number?
False
Is 12071 a composite number?
False
Is 7969 a prime number?
False
Is 2767 composite?
False
Is 3817 prime?
False
Is 21377 a prime number?
True
Is 343193 composite?
False
Is 213103 composite?
True
Is 18021 a composite number?
True
Is 30353 a composite number?
True
Is 198241 a prime number?
True
Is 34841 prime?
True
Is 5603 composite?
True
Is 1393429 composite?
True
Is 68573 a composite number?
True
Is 17093 a prime number?
True
Is 1639706 composite?
True
Is 54217 prime?
True
Is 12401 a composite number?
False
Is 48142 composite?
True
Is 58573 composite?
False
Is 519473 prime?
False
Is 8009 a composite number?
False
Is 27337 composite?
False
Is 2459 a composite number?
False
Is 31159 prime?
True
Is 1777 prime?
True
Is 2569 a prime number?
False
Is 4083 a composite number?
True
Is 3163 composite?
False
Is 52037 prime?
False
Is 371027 composite?
False
Is 25859 prime?
False
Is 13709 composite?
False
Is 21001 composite?
False
Is 375549 a composite number?
True
Is 4934 prime?
False
Is 326618 a prime number?
False
Is 6449 composite?
False
Is 78341 prime?
True
Is 1361 a prime number?
True
Is 579053 a prime number?
True
Is 566923 prime?
False
Is 63811 composite?
True
Is 135151 prime?
True
Is 311153 composite?
False
Is 437938 a composite number?
True
Is 1439983 a prime number?
False
Is 27641 prime?
False
Is 1242443 a composite number?
True
Is 312451 a composite number?
False
Is 124255 prime?
False
Is 36037 a prime number?
True
Is 6791 prime?
True
Is 118529 prime?
True
Is 154549 a composite number?
True
Is 30631 a composite number?
False
Is 892223 composite?
True
Is 2129 a prime number?
True
Is 51403 composite?
True
Is 155 a prime number?
False
Is 408743 prime?
True
Is 549959 a composite number?
True
Is 8051 composite?
True
Is 157357 prime?
False
Is 1177201 prime?
True
Is 933 prime?
False
Is 257639 prime?
True
Is 5879 composite?
False
Is 339037 composite?
True
Is 16339 composite?
False
Is 52807 a prime number?
True
Is 435679 a composite number?
False
Is 932549 a composite number?
False
Is 1310149 composite?
True
Is 24347 a prime number?
False
Is 3518 a composite number?
True
Is 40693 a prime number?
True
Is 4501153 composite?
False
Is 37603 prime?
False
Is 564227 a prime number?
True
Is 2638 composite?
True
Is 36833 a prime number?
True
Is 1543 a prime number?
True
Is 73893 composite?
True
Is 64529 a composite number?
True
Is 1979 a composite number?
False
Is 381 a composite number?
True
Is 236603 composite?
True
Is 1073 prime?
False
Is 26457 a prime number?
False
Is 8383 composite?
True
Is 130769 prime?
True
Is 354121 a prime number?
True
Is 18659 prime?
False
Is 297907 composite?
False
Is 1239443 a prime number?
True
Is 692111 a prime number?
False
Is 94513 prime?
True
Is 844997 composite?
True
Is 719 a composite number?
False
Is 374669 composite?
False
Is 2269 a composite number?
False
Is 16619 a composite number?
False
Is 1082 composite?
True
Is 52637 a composite number?
True
Is 28837 a prime number?
True
Is 147635 a composite number?
True
Is 79109 a prime number?
False
Is 839 prime?
True
Is 657383 prime?
True
Is 3137 prime?
True
Is 998 prime?
False
Is 22529 prime?
False
Is 21761 composite?
True
Is 26807 prime?
False
Is 22497 a prime number?
False
Is 55291 composite?
False
Is 13751 a prime number?
True
Is 2887279 a composite number?
False
Is 20759 composite?
False
Is 1801 a prime number?
True
Is 166013 a composite number?
False
Is 132694 prime?
False
Is 2053 a prime number?
True
Is 25013 composite?
False
Is 1396765 a composite number?
True
Is 720151 a composite number?
False
Is 1382309 composite?
False
Is 3580793 composite?
False
Is 1705303 composite?
False
Is 315449 composite?
False
Is 2778577 prime?
False
Is 4247 prime?
False
Is 9569 a prime number?
False
Is 35687 composite?
True
Is 1021255 prime?
False
Is 2342 a composite number?
True
Is 751423 composite?
False
Is 56557 composite?
True
Is 2579 prime?
True
Is 52529 prime?
True
Is 26366 prime?
False
Is 117037 composite?
False
Is 924745 prime?
False
Is 81119 a prime number?
True
Is 8767 composite?
True
Is 941 prime?
True
Is 423503 a prime number?
True
Is 2957443 a composite number?
False
Is 36681 a prime number?
False
Is 893 a prime number?
False
Is 336751 prime?
False
Is 337 composite?
False
Is 33431 a prime number?
False
Is 401429 a composite number?
True
Is 6733 a composite number?
False
Is 1633 composite?
True
Is 1031 a prime number?
True
Is 3787 prime?
False
Is 33817 prime?
False
Is 42019 a composite number?
False
Is 2999 prime?
True
Is 26098 a prime number?
False
Is 35065 composite?
True
Is 15319 a prime number?
True
Is 47933 prime?
True
Is 146959 a composite number?
True
Is 32498 prime?
False
Is 1039 composite?
False
Is 166781 composite?
False
Is 3631 prime?
True
Is 388891 prime?
True
Is 700477 composite?
True
Is 20779 a composite number?
True
Is 23099 a composite number?
False
Is 57919 a composite number?
True
Is 394189 a composite number?
True
Is 237043 composite?
False
Is 32117 a prime number?
True
Is 145361 a composite number?
False
Is 18053 prime?
False
Is 2785 composite?
True
Is 946349 a composite number?
True
Is 1361 prime?
True
Is 6599 a composite number?
False
Is 5619 a prime number?
False
Is 142097 a prime number?
True
Is 24539 prime?
False
Is 25835 a composite number?
True
Is 85013 composite?
True
Is 188035 prime?
False
Is 562145 a prime number?
False
Is 5873 composite?
True
Is 33401 composite?
True
Is 26293 composite?
False
Is 15419 a prime number?
False
Is 11657 a composite number?
False
Is 16183 a prime number?
True
Is 8173 prime?
False
Is 38593 composite?
False
Is 11539 a prime number?
False
Is 397 prime?
True
Is 16759 a prime number?
True
Is 4682 prime?
False
Is 1102543 a composite number?
True
Is 125527 a prime number?
True
Is 28043 composite?
True
Is 1117 a prime number?
True
Is 15421 a prime number?
False
Is 80447 a prime number?
True
Is 65599 composite?
False
Is 182159 a prime number?
True
Is 85283 a prime number?
False
Is 612583 prime?
True
Is 184153 composite?
False
Is 4831 composite?
False
Is 38463 composite?
True
Is 8009 prime?
True
Is 9535 composite?
True
Is 1739 a prime number?
False
Is 6914 composite?
True
Is 8887 a prime number?
True
Is 700267 composite?
True
Is 2179 prime?
True
Is 53842 a composite number?
True
Is 5623 prime?
True
Is 555349 prime?
True
Is 24499 prime?
True
Is 57286 a composite number?
True
Is 737747 composite?
False
Is 386249 composite?
False
Is 840953 prime?
False
Is 69835 prime?
False
Is 30367 a prime number?
True
Is 257069 composite?
False
Is 4073 a prime number?
True
Is 236921 composite?
True
Is 496609 prime?
True
Is 10007 a composite number?
False
Is 13469 prime?
True
Is 101107 a composite number?
False
Is 33043 a composite number?
True
Is 157721 a composite number?
False
Is 1086374 a composite number?
True
Is 29789 composite?
False
Is 65261 a composite number?
True
Is 221251 composite?
False
